se 10) in base 11?
20
-146 (base 10) to base 13
-b3
-6 (base 9) to base 4
-12
Convert 9 (base 13) to base 5.
14
Convert 67 (base 12) to base 11.
72
What is 2 (base 3) in base 6?
2
What is 414 (base 7) in base 16?
cf
What is -2 (base 13) in base 7?
-2
What is 111 (base 2) in base 13?
7
What is 79 (base 12) in base 15?
63
-1e (base 15) to base 7
-41
Convert 1 (base 7) to base 12.
1
-301 (base 10) to base 8
-455
What is a8 (base 12) in base 3?
11202
What is 5 (base 9) in base 12?
5
1021 (base 3) to base 5
114
What is -43 (base 6) in base 3?
-1000
Convert -11200 (base 3) to base 9.
-150
What is 1 (base 8) in base 12?
1
-2 (base 3) to base 11
-2
Convert -33 (base 5) to base 2.
-10010
-8 (base 14) to base 2
-1000
What is 336 (base 8) in base 16?
de
Convert 3 (base 6) to base 13.
3
Convert d (base 16) to base 12.
11
7b (base 14) to base 9
131
What is -4 (base 12) in base 4?
-10
Convert -27 (base 15) to base 16.
-25
What is 522 (base 6) in base 14?
dc
10 (base 5) to base 12
5
-b9 (base 16) to base 2
-10111001
Convert -521 (base 6) to base 3.
-21011
Convert -145 (base 7) to base 12.
-6a
4 (base 16) to base 10
4
Convert -2 (base 4) to base 9.
-2
What is 35 (base 9) in base 7?
44
Convert -1b8 (base 12) to base 13.
-18b
What is -261 (base 7) in base 14?
-a1
Convert 242 (base 8) to base 3.
20000
90 (base 15) to base 4
2013
-1 (base 4) to base 9
-1
What is 2 (base 16) in base 13?
2
-11 (base 3) to base 12
-4
What is -7 (base 14) in base 16?
-7
4e (base 16) to base 4
1032
Convert -10 (base 3) to base 14.
-3
Convert -23 (base 6) to base 7.
-21
Convert 61 (base 10) to base 5.
221
Convert -23 (base 6) to base 3.
-120
Convert 11 (base 2) to base 13.
3
111 (base 2) to base 16
7
What is -28 (base 13) in base 3?
-1021
What is -21 (base 8) in base 12?
-15
Convert -39 (base 14) to base 10.
-51
What is -a (base 15) in base 8?
-12
What is 102 (base 3) in base 14?
b
23 (base 5) to base 11
12
Convert 15 (base 11) to base 13.
13
-3c (base 13) to base 9
-56
1 (base 14) to base 11
1
Convert 6 (base 16) to base 14.
6
Convert -3 (base 7) to base 10.
-3
What is -5 (base 16) in base 12?
-5
Convert -20 (base 8) to base 6.
-24
286 (base 9) to base 13
156
Convert -b (base 13) to base 7.
-14
-267 (base 9) to base 6
-1011
10202 (base 3) to base 16
65
Convert -4b (base 14) to base 10.
-67
What is 5 (base 12) in base 11?
5
Convert -2 (base 3) to base 8.
-2
Convert -79 (base 12) to base 13.
-72
106 (base 8) to base 7
130
What is 42 (base 11) in base 10?
46
12 (base 8) to base 4
22
Convert d (base 14) to base 2.
1101
-101 (base 3) to base 14
-a
Convert a1 (base 11) to base 16.
6f
Convert -3 (base 16) to base 2.
-11
Convert 0 (base 16) to base 2.
0
What is -2 (base 12) in base 2?
-10
What is -179 (base 12) in base 16?
-ed
11100 (base 2) to base 6
44
Convert 3 (base 9) to base 11.
3
Convert 0 (base 10) to base 11.
0
Convert 85 (base 12) to base 7.
203
What is 18a (base 12) in base 14?
13c
Convert 44 (base 5) to base 8.
30
Convert 6 (base 13) to base 5.
11
What is 126 (base 10) in base 5?
1001
4 (base 11) to base 8
4
What is -b (base 16) in base 10?
-11
What is 6 (base 10) in base 4?
12
-48 (base 11) to base 6
-124
What is 15 (base 14) in base 5?
34
What is -5 (base 11) in base 14?
-5
What is 33 (base 16) in base 8?
63
Convert -1043 (base 7) to base 6.
-1422
-3d (base 15) to base 3
-2011
What is -1 (base 8) in base 4?
-1
What is 16 (base 10) in base 5?
31
-12 (base 4) to base 14
-6
Convert -2 (base 5) to base 3.
-2
What is -26 (base 8) in base 6?
-34
What is -350 (base 6) in base 12?
-b6
-7 (base 12) to base 11
-7
Convert -50 (base 9) to base 2.
-101101
What is -62 (base 15) in base 13?
-71
4 (base 12) to base 6
4
1 (base 2) to base 14
1
-2 (base 4) to base 16
-2
What is -b6 (base 13) in base 15?
-9e
What is -3001 (base 4) in base 2?
-11000001
What is 0 (base 16) in base 14?
0
Convert -7 (base 8) to base 6.
-11
What is -205 (base 7) in base 9?
-124
Convert a8 (base 12) to base 14.
92
What is 11 (base 2) in base 11?
3
What is 1 (base 12) in base 11?
1
Convert -1 (base 2) to base 6.
-1
What is -e (base 15) in base 10?
-14
What is 42 (base 15) in base 4?
332
15e (base 15) to base 3
102122
What is -7 (base 8) in base 4?
-13
Convert 55 (base 9) to base 16.
32
What is -205 (base 6) in base 9?
-85
What is -4e (base 15) in base 6?
-202
-3 (base 4) to base 16
-3
6 (base 8) to base 13
6
-2 (base 11) to base 3
-2
186 (base 15) to base 4
11133
What is -1003 (base 4) in base 11?
-61
What is -cc (base 13) in base 14?
-c0
Convert 36 (base 12) to base 7.
60
Convert 0 (base 15) to base 11.
0
What is -1 (base 8) in base 9?
-1
What is 1 (base 12) in base 10?
1
3 (base 9) to base 2
11
-33 (base 14) to base 11
-41
Convert 18 (base 10) to base 12.
16
What is 130 (base 6) in base 9?
60
-8 (base 14) to base 3
-22
Convert 0 (base 7) to base 12.
0
-32 (base 5) to base 3
-122
Convert 11 (base 8) to base 14.
9
-56 (base 7) to base 9
-45
What is -116 (base 15) in base 16?
-f6
Convert 1100100 (base 2) to base 13.
79
Convert 5 (base 16) to base 11.
5
What is 3 (base 4) in base 2?
11
What is -2 (base 4) in base 7?
-2
Convert 22 (base 5) to base 15.
c
What is 1011 (base 2) in base 5?
21
-3 (base 7) to base 14
-3
-13 (base 5) to base 2
-1000
-1 (base 13) to base 11
-1
Convert 2 (base 3) to base 12.
2
Convert 5 (base 16) to base 13.
5
-11 (base 11) to base 9
-13
What is -1010 (base 4) in base 12?
-58
What is -132 (base 4) in base 11?
-28
20 (base 7) to base 10
14
What is -d (base 14) in base 7?
-16
-150 (base 12) to base 14
-108
What is a (base 12) in base 13?
a
What is -53 (base 7) in base 3?
-1102
What is -22 (base 5) in base 3?
-110
What is 4 (base 13) in base 12?
4
What is -1 (base 2) in base 11?
-1
Convert 21 (base 9) to base 10.
19
What is -122 (base 3) in base 2?
-10001
Convert -1 (base 4) to base 14.
-1
-124 (base 14) to base 7
-444
Convert -1 (base 8) to base 9.
-1
What is -34 (base 7) in base 15?
-1a
-1101 (base 2) to base 11
-12
Convert 15 (base 8) to base 2.
1101
Convert 67 (base 14) to base 5.
331
-5 (base 8) to base 10
-5
What is 32 (base 12) in base 4?
212
What is -1 (base 4) in base 14?
-1
What is -6 (base 9) in base 7?
-6
Convert 18 (base 9) to base 10.
17
What is -3 (base 4) in base 8?
-3
63 (base 16) to base 5
344
Convert -1001110 (base 2) to base 10.
-78
Convert -30 (base 5) to base 3.
-120
Convert -a (base 12) to base 7.
-13
-43 (base 8) to base 15
-25
What is 77 (base 8) in base 2?
111111
What is -6 (base 13) in base 12?
-6
1 (base 16) to base 7
1
11 (base 4) to base 10
5
What is -2 (base 8) in base 4?
-2
2 (base 9) to base 10
2
What is 21 (base 9) in base 8?
23
What is 3 (base 15) in base 13?
3
-1 (base 11) to base 14
-1
-61 (base 7) to base 8
-53
What is -1 (base 14) in base 7?
-1
23 (base 15) to base 14
25
-10 (base 3) to base 9
-3
What is 9 (base 14) in base 13?
9
What is 14 (base 5) in base 12?
9
What is 0 (base 2) in base 13?
0
-1133 (base 5) to base 9
-206
142 (base 13) to base 10
223
Convert -72 (base 15) to base 9.
-128
Convert 260 (base 7) to base 16.
8c
Convert -14 (base 13) to base 7.
-23
What is -2 (base 11) in base 15?
-2
Convert -6 (base 10) to base 9.
-6
What is 51 (base 11) in base 10?
56
2 (base 7) to base 12
2
Convert -300 (base 4) to base 3.
-1210
What is 20 (base 15) in base 14?
22
15 (base 6) to base 2
1011
Convert -4 (base 12) to base 11.
-4
Convert 6 (base 12) to base 4.
12
4 (base 15) to base 16
4
What is 10 (base 16) in base 11?
15
10a (base 14) to base 2
11001110
Convert 31 (base 15) to base 7.
64
What is 47 (base 11) in base 15?
36
What is 0 (base 4) in base 2?
0
Convert -a1 (base 13) to base 14.
-95
43 (base 6) to base 4
123
What is -1010 (base 2) in base 15?
-a
What is 4 (base 13) in base 14?
4
What is 2 (base 15) in base 16?
2
What is 0 (base 15) in base 12?
0
-3 (base 15) to base 13
-3
-100110 (base 2) to base 4
-212
Convert 1021 (base 3) to base 14.
26
What is -35 (base 13) in base 10?
-44
What is -2 (base 7) in base 4?
-2
What is 240 (base 7) in base 14?
90
What is -3 (base 12) in base 7?
-3
Convert 202 (base 5) to base 12.
44
a1 (base 16) to base 6
425
11 (base 3) to base 15
4
Convert -90 (base 10) to base 11.
-82
What is 1 (base 3) in base 10?
1
Convert 0 (base 8) to base 6.
0
What is -58 (base 11) in base 14?
-47
-1001010 (base 2) to base 11
-68
Convert -4 (bas